{"id":43,"date":"2021-01-23T01:24:57","date_gmt":"2021-01-23T04:24:57","guid":{"rendered":"http:\/\/manducasimoes.com.br\/?page_id=43"},"modified":"2021-01-24T00:06:55","modified_gmt":"2021-01-24T03:06:55","slug":"midiateca","status":"publish","type":"page","link":"https:\/\/manducasimoes.com.br\/index.php\/midiateca\/","title":{"rendered":"Almanduca"},"content":{"rendered":"\n<p>Manduca j\u00e1 publicou tr\u00eas livros.<br>Alguns trechos selecionados podem ser acessados aqui:<\/p>\n\n\n\n<div class=\"wp-block-columns\">\n<div class=\"wp-block-column\">\n<figure class=\"wp-block-image size-large is-resized\"><img loading=\"lazy\" src=\"http:\/\/manducasimoes.com.br\/wp-content\/uploads\/2021\/01\/xotes-e-xodos-little.jpg\" alt=\"Xotes e Xod\u00f3s\" class=\"wp-image-37\" width=\"184\" height=\"273\"\/><\/figure>\n\n\n\n<div class=\"wp-block-columns\">\n<div class=\"wp-block-column is-vertically-aligned-top\" style=\"flex-basis:100%\">\n<div class=\"wp-block-buttons\">\n<div class=\"wp-block-button is-style-fill\"><a class=\"wp-block-button__link\" href=\"http:\/\/manducasimoes.com.br\/index.php\/midiateca\/xotes-e-xodos-de-uma-inglesa-tijucana\/\" target=\"_blank\" rel=\"xotes-e-xodos-de-uma-inglesa-tijucana noopener\"><strong>Xotes e Xod\u00f3s<\/strong><\/a><\/div>\n<\/div>\n<\/div>\n<\/div>\n<\/div>\n\n\n\n<div class=\"wp-block-column\">\n<figure class=\"wp-block-image size-large is-resized\"><img loading=\"lazy\" src=\"http:\/\/manducasimoes.com.br\/wp-content\/uploads\/2021\/01\/BarafundasLittle.jpg\" alt=\"Barafundas\" class=\"wp-image-36\" width=\"182\" height=\"271\" srcset=\"https:\/\/manducasimoes.com.br\/wp-content\/uploads\/2021\/01\/BarafundasLittle.jpg 229w, https:\/\/manducasimoes.com.br\/wp-content\/uploads\/2021\/01\/BarafundasLittle-201x300.jpg 201w\" sizes=\"(max-width: 182px) 100vw, 182px\" \/><\/figure>\n\n\n\n<div class=\"wp-block-buttons\">\n<div class=\"wp-block-button\"><a class=\"wp-block-button__link\" href=\"http:\/\/manducasimoes.com.br\/index.php\/midiateca\/uma-inglesa-carioca-em-barafundas-internacionais\/\" target=\"_blank\" rel=\"http:\/\/manducasimoes.com.br\/index.php\/midiateca\/uma-inglesa-carioca-em-barafundas-internacionais\/ noopener\"><strong>Barafundas<br>Internacionais<\/strong><\/a><\/div>\n<\/div>\n<\/div>\n\n\n\n<div class=\"wp-block-column\">\n<figure class=\"wp-block-image size-large is-resized\"><a href=\"http:\/\/manducasimoes.com.br\/?attachment_id=109\"><img loading=\"lazy\" src=\"http:\/\/manducasimoes.com.br\/wp-content\/uploads\/2021\/01\/frente-oradireissoltar-300x400-1.jpg\" alt=\"\" class=\"wp-image-109\" width=\"202\" height=\"269\" srcset=\"https:\/\/manducasimoes.com.br\/wp-content\/uploads\/2021\/01\/frente-oradireissoltar-300x400-1.jpg 300w, https:\/\/manducasimoes.com.br\/wp-content\/uploads\/2021\/01\/frente-oradireissoltar-300x400-1-225x300.jpg 225w\" sizes=\"(max-width: 202px) 100vw, 202px\" \/><\/a><\/figure>\n\n\n\n<div class=\"wp-block-buttons\">\n<div class=\"wp-block-button\"><a class=\"wp-block-button__link\" href=\"http:\/\/manducasimoes.com.br\/index.php\/midiateca\/como-dizer-tudo-com-6-palavras\/\" target=\"_blank\" rel=\"http:\/\/manducasimoes.com.br\/index.php\/midiateca\/como-dizer-tudo-com-6-palavras\/ noopener\"><strong>Ora (direis)<\/strong><\/a><\/div>\n<\/div>\n<\/div>\n<\/div>\n\n\n\n<p class=\"has-text-align-center\">H\u00e1 mais um conclu\u00eddo, com cinepoemas para mil filmes, alguns apresentados em v\u00eddeo pelo Manduca.<\/p>\n\n\n\n<div class=\"wp-block-image\"><figure class=\"aligncenter size-large is-resized\"><img loading=\"lazy\" src=\"http:\/\/manducasimoes.com.br\/wp-content\/uploads\/2021\/01\/cinealdravias-1.png\" alt=\"\" class=\"wp-image-114\" width=\"287\" height=\"287\" srcset=\"https:\/\/manducasimoes.com.br\/wp-content\/uploads\/2021\/01\/cinealdravias-1.png 800w, https:\/\/manducasimoes.com.br\/wp-content\/uploads\/2021\/01\/cinealdravias-1-300x300.png 300w, https:\/\/manducasimoes.com.br\/wp-content\/uploads\/2021\/01\/cinealdravias-1-150x150.png 150w, https:\/\/manducasimoes.com.br\/wp-content\/uploads\/2021\/01\/cinealdravias-1-768x768.png 768w\" sizes=\"(max-width: 287px) 100vw, 287px\" \/><\/figure><\/div>\n\n\n\n<div class=\"wp-block-buttons aligncenter\">\n<div class=\"wp-block-button\"><a class=\"wp-block-button__link\"><strong>Em breve!<\/strong><\/a><\/div>\n<\/div>\n\n\n\n<p> H\u00e1 outro livro em progresso, esse ainda \u00e9 mist\u00e9rio, que logo ser\u00e1 revelado&#8230;<\/p>\n","protected":false},"excerpt":{"rendered":"<p>Manduca j\u00e1 publicou tr\u00eas livros.Alguns trechos selecionados podem ser acessados aqui: H\u00e1 mais um conclu\u00eddo, com cinepoemas para mil filmes, alguns apresentados em v\u00eddeo pelo Manduca. H\u00e1 outro livro em progresso, esse ainda \u00e9 mist\u00e9rio, que logo ser\u00e1 revelado&#8230;<\/p>\n","protected":false},"author":1,"featured_media":0,"parent":0,"menu_order":1,"comment_status":"closed","ping_status":"closed","template":"","meta":{"_monsterinsights_skip_tracking":false,"_monsterinsights_sitenote_active":false,"_monsterinsights_sitenote_note":"","_monsterinsights_sitenote_category":0},"_links":{"self":[{"href":"https:\/\/manducasimoes.com.br\/index.php\/wp-json\/wp\/v2\/pages\/43"}],"collection":[{"href":"https:\/\/manducasimoes.com.br\/index.php\/wp-json\/wp\/v2\/pages"}],"about":[{"href":"https:\/\/manducasimoes.com.br\/index.php\/wp-json\/wp\/v2\/types\/page"}],"author":[{"embeddable":true,"href":"https:\/\/manducasimoes.com.br\/index.php\/wp-json\/wp\/v2\/users\/1"}],"replies":[{"embeddable":true,"href":"https:\/\/manducasimoes.com.br\/index.php\/wp-json\/wp\/v2\/comments?post=43"}],"version-history":[{"count":17,"href":"https:\/\/manducasimoes.com.br\/index.php\/wp-json\/wp\/v2\/pages\/43\/revisions"}],"predecessor-version":[{"id":158,"href":"https:\/\/manducasimoes.com.br\/index.php\/wp-json\/wp\/v2\/pages\/43\/revisions\/158"}],"wp:attachment":[{"href":"https:\/\/manducasimoes.com.br\/index.php\/wp-json\/wp\/v2\/media?parent=43"}],"curies":[{"name":"wp","href":"https:\/\/api.w.org\/{rel}","templated":true}]}}